10
In base 4, what is 1 - 30131020?
-30131013
In base 7, what is 3 + 162303?
162306
In base 6, what is -3045 - -155?
-2450
In base 4, what is 20 - 3320?
-3300
In base 4, what is -222 - 130020?
-130302
In base 15, what is -2dd5 - 22?
-2e07
In base 7, what is 5433 + 436?
6202
In base 8, what is -150 + -16616?
-16766
In base 16, what is -2 - 35c5d?
-35c5f
In base 14, what is -c5 + 7c?
-47
In base 5, what is -2204333 + -4?
-2204342
In base 4, what is -10 + 1302012122?
1302012112
In base 6, what is 0 - -152?
152
In base 16, what is -84 - 1fe?
-282
In base 15, what is -36 - -23c7?
2391
In base 3, what is 1 + 202200021102?
202200021110
In base 3, what is 21 + 110210100120?
110210100211
In base 10, what is 0 + 142045?
142045
In base 2, what is 11011001000 - -1001?
11011010001
In base 12, what is 1 - a87?
-a86
In base 8, what is 20400772 + 1?
20400773
In base 16, what is 1 + e6c36?
e6c37
In base 7, what is -360442 - -5?
-360434
In base 10, what is -1 - -2368?
2367
In base 16, what is -3 - 240f?
-2412
In base 13, what is -9 + -2103?
-210c
In base 10, what is -3417 - 13?
-3430
In base 5, what is -1 - 43323033?
-43323034
In base 2, what is -11110011111001100 - 10?
-11110011111001110
In base 5, what is -12324 + 14?
-12310
In base 14, what is -4 - 12800?
-12804
In base 15, what is -3 - 2223?
-2226
In base 4, what is 1121 + -323?
132
In base 8, what is 13733 - -24?
13757
In base 15, what is -646650 + 2?
-64664d
In base 4, what is -1033011131 + 10?
-1033011121
In base 13, what is 49 + 64?
b0
In base 14, what is 6571b + 4?
65721
In base 7, what is -166141 - -3?
-166135
In base 10, what is -3 - 178336?
-178339
In base 5, what is -3 + 12143340?
12143332
In base 6, what is 55150 - 10?
55140
In base 13, what is 5 + -11b0a8?
-11b0a3
In base 7, what is 3541231 + 15?
3541246
In base 5, what is 21222 - 132?
21040
In base 6, what is -215 - 3544?
-4203
In base 7, what is 24 + -124630?
-124603
In base 13, what is 2c5 - -108?
400
In base 8, what is 0 - -74652?
74652
In base 11, what is -567 + -273?
-82a
In base 3, what is -2212200 + -2?
-2212202
In base 13, what is 3 - -758b?
7591
In base 13, what is 913 + -86?
85a
In base 15, what is -45e - 15?
-474
In base 3, what is 0 + -221010020012?
-221010020012
In base 12, what is 53 + 959a?
9631
In base 3, what is 12112212111 - -2?
12112212120
In base 15, what is -19 + c5b?
c42
In base 6, what is -12103315 + -5?
-12103324
In base 15, what is 44039 + -b?
4402d
In base 4, what is -21201 + 10223?
-10312
In base 7, what is -3 + -1106156?
-1106162
In base 3, what is -120002122 - -1120?
-120001002
In base 6, what is 1533214 - 0?
1533214
In base 13, what is -1993 + 1a?
-1976
In base 4, what is -102313033 + -2?
-102313101
In base 11, what is 1343 + -155?
1199
In base 5, what is 44241 + 204?
100000
In base 3, what is 11100020 + -2102112?
1220201
In base 12, what is 3ab92 - 4?
3ab8a
In base 13, what is -550b + -4?
-5512
In base 2, what is 100001110000 + 110100101?
101000010101
In base 4, what is 0 + 210003003?
210003003
In base 11, what is 8 + -28a57?
-28a4a
In base 5, what is -120412 - 1400?
-122312
In base 4, what is 123 + 3211?
10000
In base 15, what is 1 - 73ed7?
-73ed6
In base 11, what is 4421 - 0?
4421
In base 11, what is -37167 - -32?
-37135
In base 14, what is -72a9 + -a?
-72b5
In base 2, what is -11100110 - 1001011?
-100110001
In base 11, what is -560977 + -1?
-560978
In base 15, what is -cd - c5e?
-d3c
In base 11, what is 44a33 + 4?
44a37
In base 4, what is 10011 - -333223?
1003300
In base 15, what is 18 - 23e51?
-23e38
In base 7, what is 3 + 55235?
55241
In base 16, what is 76 + 4f0?
566
In base 6, what is -4 - 4141451?
-4141455
In base 5, what is -14 + -3241241?
-3241310
In base 5, what is 14414 + -13?
14401
In base 12, what is 31b1 - 30?
3181
In base 15, what is -17007 + 11?
-16ee6
In base 8, what is -567 - 44?
-633
In base 10, what is 11 - 213?
-202
In base 10, what is 1997 + -1?
1996
In base 4, what is -11213331 + -21?
-11220012
In base 3, what is -11 - -22102221?
22102210
In base 10, what is -2 + 6024?
6022
In base 2, what is -10111 - 10110001101011?
-10110010000010
In base 7, what is 40266 + 20?
40316
In base 9, what is -512 - 5646?
-6258
In base 14, what is 1 - -49a4?
49a5
In base 5, what is 214442440 - -2?
214442442
In base 8, what is 0 - 2573524?
-2573524
In base 3, what is 110211 - -10010?
120221
In base 16, what is -e - -2373?
2365
In base 3, what is 11020122 - -1010222?
12101121
In base 16, what is 1 + c567?
c568
In base 6, what is -1 + 354450?
354445
In base 10, what is 3400 - 82?
3318
In base 8, what is -2746 - -764?
-1762
In base 7, what is 1264625 - -3?
1264631
In base 9, what is -6 + -528?
-535
In base 16, what is 0 - 18d6b?
-18d6b
In base 16, what is ad5 - b?
aca
In base 15, what is 78 + 75b6?
763e
In base 4, what is 21033130 + 1102?
21100232
In base 8, what is -134 - -147?
13
In base 11, what is 40536 + 4?
4053a
In base 16, what is -55 - -1bb?
166
In base 14, what is 56b6 + -c?
56a8
In base 5, what is 20202 + -1320?
13332
In base 16, what is -15e36 + 1?
-15e35
In base 7, what is -3 + -42102?
-42105
In base 2, what is 110110111101 + 100100?
110111100001
In base 3, what is -2 + -20222112011?
-20222112020
In base 2, what is 1100001111001 + -110001?
1100001001000
In base 6, what is -12245 + -1?
-12250
In base 9, what is 133 - 13654?
-13521
In base 8, what is 143037 - 0?
143037
In base 9, what is 8832 - 4?
8827
In base 10, what is -159599 + 5?
-159594
In base 7, what is 431 - -105?
536
In base 4, what is 3123 - 30201?
-21012
In base 15, what is -615 - 0?
-615
In base 5, what is 14114430 - 0?
14114430
In base 4, what is 30032331 + 2?
30032333
In base 6, what is -1031002 + -1?
-1031003
In base 5, what is -211 + -333021?
-333232
In base 11, what is 3 + 6679?
6681
In base 8, what is 27507 + 40?
27547
In base 11, what is -23a6057 - -4?
-23a6053
In base 10, what is -5 + 112715?
112710
In base 7, what is -6161 - 53?
-6244
In base 15, what is 9ea6 - -2?
9ea8
In base 4, what is -222120323 - -11?
-222120312
In base 16, what is 2f1 - 9?
2e8
In base 9, what is 11 + -1614?
-1603
In base 12, what is 1579b67 + 4?
1579b6b
In base 5, what is 10 + 40010132?
40010142
In base 13, what is 9 - 7570?
-7564
In base 10, what is 771 - -102?
873
In base 13, what is -114 + -63a?
-751
In base 8, what is -3 - 60321?
-60324
In base 8, what is -2 + 3114?
3112
In base 9, what is 4 - 2475461?
-2475456
In base 12, what is -131 - 65?
-196
In base 13, what is 0 - -4921?
4921
In base 14, what is -26 + -b807?
-b82d
In base 15, what is -178e + bb?
-16c3
In base 12, what is -8 + -477a?
-4786
In base 11, what is -7785 + 1?
-7784
In base 12, what is -1a2 - -1114?
b32
In base 8, what is -667765 + -4?
-667771
In base 7, what is 3 - 203066?
-203063
In base 12, what is 5 + 5742?
5747
In base 11, what is -2 - -a57?
a55
In base 9, what is -1 + 68055?
68054
In base 16, what is 33de - -5?
33e3
In base 16, what is 7a - 16?
64
In base 11, what is 15073 + -5?
15069
In base 6, what is -344543 - 2?
-344545
In base 7, what is 60441364 - 5?
60441356
In base 9, what is 12 + -551?
-538
In base 14, what is 82d - 10?
81d
In base 16, what is c4 + -3db?
-317
In base 13, what is -2 + 8770?
876b
In base 8, what is -775 + 10256?
7261
In base 6, what is 13 + -425122?
-425105
In base 2, what is 1001001011010 + -1000011?
1001000010111
In base 4, what is 211 + -12020210?
-12013333
In base 11, what is 15a989 - -1?
15a98a
In base 7, what is -531602 - -4?
-531565
In base 11, what is 549 + -6a1?
-153
In base 10, what is 51 + -1066?
-1015
In base 4, what is -10 - -31031231?
31031221
In base 2, what is 10110111 + -1010011?
1100100
In base 8, what is 50 + -24577?
-24527
In base 6, what is -431 - -324?
-103
In base 8, what is -22 + -166322?
-166344
In base 3, what is 220 - 110022200?
-110021210
In base 3, what is 11000122 + 21210?
11022102
In base 13, what is 4 + 71592?
71596
In base 2, what is 1010110101010101010001 - 100?
1010110101010101001101
In base 9, what is -665 + -16?
-682
In base 5, what is 213202 - 24?
213123
In base 12, what is -3759a - -19?
-37581
In base 8, what is -667 - -10701?
10012
In base 6, what is -14 - -225253?
225235
In base 5, what is -3 + 33403022?
33403014
In base 2, what is 1100010110100110 - 1101?
1100010110011001
In base 7, what is -41130 - 2?
-41132
In base 9